4109 = 13*q. Is q*(-4)/16*1 a prime number?
True
Let t(l) = 1474*l**3 - l**2 + 7*l - 1. Is t(2) prime?
True
Let y = 1155 + -429. Let h = 1403 - y. Is h a composite number?
False
Suppose 72*w - 43052 = b + 67*w, 20 = -5*w. Let n = b - -74741. Is n a prime number?
False
Suppose 65 - 63 = 2*v. Let g be v/(6/(-10) - 26/(-60)). Is (-2452)/g*6/4 composite?
False
Let t(u) = -4*u**2 + 2*u + 1. Let q(j) = -3*j**2 + 3*j. Let v(c) = -3*q(c) + 2*t(c). Let z be v(6). Is -4*(-2 + (-150)/z) composite?
False
Suppose -14*j = -36698 - 228910. Suppose -46*z + j = -10*z. Is z composite?
True
Suppose 65*i - 98*i = -1705209. Is i composite?
False
Suppose -3*w + 600962 = 2*o - 726363, 4*w = 4*o + 1769760. Is w prime?
False
Suppose 3*b + 21 = 0, 2*w + 5*b + 2*b = 1039489. Is w prime?
True
Is (554814/(-1404))/((-2)/12) a prime number?
True
Suppose -t + 350781 = a, -365524 - 336041 = -2*t + a. Is t a prime number?
False
Let n = 529388 - 309711. Is n a composite number?
False
Let l(o) = -19*o - 74. Let m be l(-4). Suppose 0 = -3*r + 7 - 1. Suppose 416 = r*s + g, 487 - 65 = m*s - 2*g. Is s a composite number?
True
Let w be (-1 - 2/4) + 594/(-12). Let u = -50 - w. Is (12/(-8))/u - (-1937)/2 prime?
True
Is 12 - 2412/198 - 91106/(-22) a prime number?
False
Let c be 1685/(-30) + 1/6. Let y = c - -61. Suppose u - 379 = w, -382 - 1513 = -y*u - 5*w. Is u composite?
False
Let w = 15 - 16. Let k(h) = -135*h**2 + 1. Let v be k(w). Is (22/(-11))/(2/v) a prime number?
False
Let h be 409/(6/(-18) + 0). Suppose 0*o + o + 812 = 0. Let r = o - h. Is r a prime number?
False
Let x(o) = 42*o + 10. Let j be x(3). Let u(z) = -j*z + 23 - 10*z - 16 + 28. Is u(-11) a prime number?
False
Let z = -29850 - 8136. Is z/(-6)*(3 + 0 - 2) composite?
True
Let m(i) = i**2 - 5*i + 1. Let o = 27 - 20. Let d be m(o). Suppose 0 = -4*f + 2*q + 462, d - 5 = -2*q. Is f a composite number?
False
Suppose 4*v = -4*d + 8856, -3*d = -5*v - 1450 - 5232. Suppose -119*j = -112*j - d. Is j a composite number?
False
Let u be 44/6 - 7 - (-18040)/6. Suppose 3*d - n + 6028 = 5*d, 3*n = d - u. Is d composite?
True
Let w(u) be the first derivative of 55*u**3/3 - 3*u**2/2 - 5*u - 3. Let i(h) = h**3 - h**2 - 3*h - 12. Let x be i(3). Is w(x) a prime number?
True
Suppose 2951*u = 2945*u + 731454. Is u composite?
False
Let v be ((-3)/(-2))/(2/(-4)). Let n = 31245 - 31303. Is v - (-3)/((-3)/n) a prime number?
False
Let z = 380782 - 119403. Is z prime?
True
Suppose b = -2*o + 1062, -2*o - 3*b + 1078 = 2*b. Suppose 2*q - 96 = 5*h + o, 3*q - 931 = h. Let u = 489 - q. Is u composite?
False
Let k = 59 - 32. Let f(c) = c**3 + 21*c**2 - 2*c - 40. Let h be f(-21). Is h/(-9) - (-19959)/k composite?
False
Let i be (2 - 7/3)/((-53)/283497). Suppose 3*v + i = 13606. Is v prime?
False
Is 682474032/1296 - (-1 + (-3)/(-9)) a composite number?
False
Let i = -17 - -33. Suppose -11557 + 4053 = -i*u. Is u a composite number?
True
Let h(z) = 3*z**3 - 5*z**2 - 7*z - 1. Let r(c) = 4*c**3 - 4*c**2 - 7*c - 2. Let l(a) = 4*h(a) - 5*r(a). Let m be l(-3). Let p = 298 - m. Is p composite?
False
Let l(u) = -2*u**3 - 116*u**2 - 140*u + 521. Is l(-63) a composite number?
False
Let y be 2/5 + 114/15. Suppose j = y*j - 28. Suppose 4*h - 3152 + 839 = r, -2318 = -j*h + 2*r. Is h prime?
True
Is (44/8)/(-11)*14 + 344894 composite?
False
Suppose -2286 = 66*k - 68*k. Suppose 5*a - 5128 = -k. Is a prime?
True
Let m(r) be the second derivative of 133*r**4/12 + r**3/6 - r**2 + 13*r. Let l = -13 + 9. Is m(l) a composite number?
True
Suppose -879 = -7*o - 2790. Let i = 496 + o. Is i a prime number?
True
Let y(z) = 2409*z**2 + 138*z + 688. Is y(-5) composite?
False
Suppose 0 = -15*k + 19*k + 2*v - 545664, 0 = -3*k - 4*v + 409258. Is k composite?
True
Let n be (2 - -2812)/((-1)/2). Let x be (82124/(-1176))/((-1)/114). Let z = x + n. Is z a composite number?
False
Let x = 5896302 + -4108999. Is x prime?
False
Let h(i) = -i**3 - 14*i**2 - 29*i + 33. Suppose -26*d = -56*d - 480. Is h(d) composite?
False
Suppose -5*y - 1279 = -2*s - 859, 0 = -4*s - 2*y + 912. Suppose u = 3*u - 332. Let v = u + s. Is v prime?
False
Let y = 2963 + -1544. Suppose 14*g = 5399 + y. Is g prime?
True
Suppose 57*p = 21513555 + 4940852 - 6675920. Is p a prime number?
False
Let r(h) = 1795*h - 445. Is r(18) composite?
True
Let d = -123591 - -73571. Is 16/(-48) + d/(-3) composite?
False
Let y(s) = 13*s**2 - 218*s - 5. Is y(42) prime?
False
Let p be 0*(-4 + (5 - 2)). Suppose p = 22*f + 2*f - 105048. Is f a composite number?
True
Let d = -20 - -25. Suppose d = 7*o + 12. Is -1 + o - 3*-225 composite?
False
Let u be (-5)/(-1)*(-634)/2. Suppose 0 = -477*l + 456*l + 51702. Let j = u + l. Is j composite?
False
Suppose 50*f - 761536 = 3*f + 5341367. Is f a composite number?
True
Is (-120)/(-96) + 719262/8 a prime number?
True
Let b(p) = -2*p**3 - 57*p**2 - 161*p - 333. Is b(-77) composite?
True
Let s = -28168 + 63849. Is s composite?
True
Let y(q) = 432*q + 73. Let i(f) = -217*f - 37. Let s(r) = -11*i(r) - 6*y(r). Let g be s(-13). Suppose 2*w - 4 = 0, -2*m + g = 2*w - 1028. Is m composite?
True
Suppose 0*h - 6 = -6*h. Let z be (1*5/10)/(h/(-314)). Let d = 414 + z. Is d prime?
True
Suppose -25*d - 3237765 = 4*d - 8722448. Is d a prime number?
True
Suppose 4*r + 2*y - 68300 = 0, -51235 = -3*r - 8*y + 9*y. Is r a composite number?
False
Suppose -4*p = -a - 4, a = -p - 0 + 1. Suppose 25*x - 21*x - 10012 = a. Is x a composite number?
False
Let u = 339 - 334. Suppose -1509 - 1356 = -u*l. Is l composite?
True
Suppose o - 3*o - 4 = 0. Let m be (12/8)/((-1940)/976 - o). Suppose -119*q - 1905 = -m*q. Is q prime?
False
Suppose 79 - 15484 = 15*y. Let u = y + 2106. Is u prime?
False
Suppose -w = a - 39500, 118494 = 3*a - 2*w - w. Is a composite?
False
Suppose -3*m + 4*l = -90161, 13*m - 150287 = 8*m + 2*l. Is m a prime number?
True
Let z be (6 - 3)/(-9)*-9. Is (-215365)/(-57)*3*(z - 2) a composite number?
True
Let g(i) = 2*i**3 + 3*i**2 + 5*i + 3. Suppose 2 = 3*r - 13. Suppose -r*z = 1 - 31. Is g(z) a prime number?
False
Is ((-24)/(-36))/(2860535/(-2860545) - -1) a composite number?
True
Suppose 2*t - 4*s = 143082, -5*t - 3*s + 357689 = -5*s. Is t a prime number?
True
Suppose -8 = -4*a, -x + 4*a - 5*a + 6 = 0. Suppose 1037 = 2*i + h, -x*i - 6*h = -3*h - 2073. Is i a prime number?
False
Let z be (((-3448)/(-20))/(2/70))/2. Let g = 5458 - z. Is g prime?
True
Suppose -62*l + 65*l = 12741. Let s = -1324 + l. Is s a composite number?
True
Suppose 119772 + 324368 = 20*f. Is f composite?
True
Let c(v) be the third derivative of 11*v**5/30 - 17*v**4/24 - 13*v**3/6 - 2*v**2 + 6. Is c(6) composite?
False
Let a = -203 + 11191. Let n = -4879 + a. Is n a prime number?
False
Let c be 6/4 + 357/34. Suppose -2*h - c = 4*x - 36, 3*h = x + 1. Suppose -3*k = -h*g - 1017, 0 = 2*k + 4*g - 525 - 169. Is k composite?
True
Suppose -3*t + 6014 = -r, -6*r + 4*r = -5*t + 12031. Is -1*(-1 - r)*1/(-2) a composite number?
False
Let u(v) = 9068*v**2 - 31*v - 97. Is u(-6) composite?
False
Suppose -5*s + 6*s - 92 = 4*y, -5*s = -20. Let f = 19 + y. Let m(k) = 97*k**2 - 10*k - 2. Is m(f) composite?
True
Suppose -210*j + 87 = -207*j. Suppose -25*x = -j*x + 5068. Suppose 5*q + t - x = 1099, 2*q + 2*t = 948. Is q a composite number?
True
Is (12/4)/(-27) - 274624/(-144) prime?
True
Suppose 5*o = -z + 12, -o + 3*o - 5*z = -6. Suppose x = o*r + 2725, -942 - 7247 = -3*x - r. Is x a prime number?
True
Let z(v) = 14575*v + 1622. Is z(19) composite?
True
Let u be (-12 + 52)*1*2. Suppose 12 = -77*h + u*h. Suppose 0 = -h*t + 4*a - a + 2231, 2223 = 4*t + 5*a. Is t prime?
True
Suppose 2*g - 2*o = o - 6, 0 = -5*g + 2*o + 7. Suppose t = r - t - 9, -g*r = t - 27. Let y(m) = m**3 - 7*m**2 - m - 12. Is y(r) a composite number?
True
Suppose 12*g + 31 = 3450 + 18169. Is g prime?
False
Let g(j) = -3*j**3 - 10*j**2 + 27*j + 23. Let a be g(-9). Let z = a - -2810. Is z composite?
False
Suppose 11 = 4*r + 55. Let a(i) = 3*i**3 + 33*i**2 + 56*i - 14. Let m(n) = -n**3 - 11*n**2 - 19*n + 5. Let t(q) = -4*a(q) - 11*m(q). Is t(r) prime?
False
Suppose 0*p - 35 = 5*p. Let f(i) = -5*i**2 + 7 + 8*i**2 + 30*i + 16*i**2 - 23*i. Is f(p) a prime number?
False
Suppose 9*a - 3*a = 4*a - 5*z + 53498, -z = 0. Is a a prime number?
False
Suppose 4*g = -0*h + h - 2, -4*h - 4*g = -8. Let z be ((-16)/(-20